 + 3*c + 9 = 0. What is the units digit of s?
8
Let p be ((-6)/(-4) - 1)*-2. Let g be (1 - -1)*1*p. What is the units digit of g/(-4) + (-1)/(-2)?
1
Suppose 2*l - 18 = 64. Suppose 4*a - 27 = l. What is the tens digit of a?
1
What is the hundreds digit of 3/(-12) + (-612)/16*-5?
1
Suppose -8*z + 5*z + 393 = 0. What is the tens digit of z?
3
Let r = 35 + 1. What is the units digit of r?
6
Let x = 16 + 12. What is the tens digit of x?
2
Let m = 6 - 4. Suppose m*w - 2 = 2. Suppose w*f - 6*f + 24 = 0. What is the units digit of f?
6
Let o(g) = g - 10. Let c be o(9). Let x be (-3 + 1)*c/(-1). Let m = 5 + x. What is the units digit of m?
3
What is the units digit of (-6)/(-2)*(-40)/(-24)?
5
What is the tens digit of -1 + 49 + 1 + 3?
5
Suppose 5*o = 32 + 68. What is the units digit of o?
0
Let p(s) = -s**3 - 9*s**2 + 9*s - 4. Let d be p(-10). Suppose 3*y - 57 = 4*q + d*y, 5*y = -3*q - 51. Let o = q + 26. What is the tens digit of o?
1
Suppose 4*r - 120 = 5*s, 5*r + 2*s = -3*s + 195. What is the tens digit of r?
3
Let z = 203 - -70. What is the hundreds digit of z?
2
Let x(d) = -d**3 + 7*d**2 - 3*d. Let k be x(7). Let r be 90/21 + 6/k. Suppose -5*w + 70 = 2*o, w + r*o + 70 = 6*w. What is the tens digit of w?
1
Let d = -6 + 14. Let p = -5 + d. What is the units digit of (-2)/(p/((-27)/6))?
3
Suppose -2*i - i - 437 = -5*u, 0 = 3*u - 4*i - 271. Let b = u - 50. What is the tens digit of b?
3
Let t(p) be the first derivative of p**4/12 + 5*p**3/6 - p**2/2 + 2. Let q(d) be the second derivative of t(d). What is the tens digit of q(4)?
1
Let m be (-1)/((-2)/8*2). Let f(n) = -n**3 + 2*n**2 - n + 2. Let w be f(m). Suppose w*s = 5*s - 85. What is the units digit of s?
7
Suppose 50 + 60 = 5*f. What is the units digit of f?
2
Suppose -4*c - 4*r - 44 = 0, -5*c + r = -2*r + 63. Let h(l) = l**3 + 5*l**2 - 9*l - 3. Let i be h(-6). What is the units digit of 4*i/c*-3?
5
Suppose 0 = 4*p - 21 - 7. Suppose 2*h + 7 + p = 0. Let l = 15 + h. What is the units digit of l?
8
Let z(h) = h**2 - h + 7. Let q = -3 + 3. What is the units digit of z(q)?
7
Suppose 0 = 9*p - 7*p - 102. Let c = p + -25. What is the tens digit of c?
2
What is the units digit of ((-6)/8)/((-6)/16)?
2
Let c be (-2)/(-3)*9/2. Suppose -h = -c*h + 18. What is the units digit of h?
9
Suppose -4*a = 17 - 157. What is the units digit of a?
5
Let o(g) = g**3 + 8*g**2 - g - 5. Let x be o(-8). Let m be (16/6)/(x/9). Let a = m + -5. What is the units digit of a?
3
Suppose 5*h = 4*s - 139, 3*h - 90 = -4*s + 57. What is the units digit of s?
6
Suppose -t + 4*t - 33 = -5*i, 0 = 2*t + 4*i - 24. What is the units digit of 22/t + 2/(-3)?
3
Let s = 7 + -4. Suppose -3*n - s*p + 71 = -p, 0 = n - 3*p - 42. What is the tens digit of n?
2
Let w(p) = -p**2 - 26*p + 12. What is the units digit of w(-23)?
1
Suppose -5*s + 8 = -s. Let z = s + 2. What is the units digit of (-10)/(-4) + (-2)/z?
2
Let b be 2/9 + (-1565)/(-45). Let x = -10 + b. What is the units digit of x?
5
Let i(n) = 4*n + 12. Let t be i(-9). What is the tens digit of (8/6)/(t/(-396))?
2
Let g(f) = -4*f**3 - 11*f**2 + 14*f + 11. What is the tens digit of g(-6)?
9
What is the units digit of (-117)/(-21) - (-21)/49?
6
Let j(g) = 3*g**2 + 7*g + 15. Let h be j(-6). Suppose -5*o + h = -2*f, -87 = -5*o - 5*f - 27. What is the tens digit of o?
1
Let q(y) = -15*y + 9. Let h(g) be the third derivative of 7*g**4/24 - 2*g**3/3 - 2*g**2. Let p(i) = 13*h(i) + 6*q(i). What is the units digit of p(6)?
8
Suppose -2*b + 814 = -2*v, -5*b + 2*v + 1249 = -795. What is the units digit of b?
0
Suppose 2*b = 5 + 3. Suppose z - 2*d + 4*d - 13 = 0, -b*d = 4*z - 44. What is the units digit of z?
9
Suppose 4 = 3*n - 5. Suppose -5*f + 24 = -2*q, 5*f + 4 = -n*q + 18. What is the units digit of 10/4 - q/4?
3
Suppose 4*a = 8*a - 4. What is the units digit of a?
1
Let t(c) = c - 2. Let i be t(6). Let d(a) = -a**3 + 4*a**2 + 3. What is the units digit of d(i)?
3
Let o(b) = -b**3 - 13*b**2 - 10*b + 14. Let u be o(-12). Let i = -4 - u. What is the units digit of i?
6
Let z(b) = -10*b - 12. What is the units digit of z(-4)?
8
Suppose 33 = -0*i + i. What is the units digit of i?
3
Suppose 5*s - 2*q = 75, 2*s + 2*q - 44 = -0*q. What is the tens digit of s?
1
Suppose 5*g = g + 16. Suppose -10 = 2*b + g*p, 2*b + 10 = b + 3*p. Let h = b + 24. What is the units digit of h?
7
Let b(t) = t**2 + 2*t + 1. Let c be b(-1). Suppose 0 = -r - c*r + 26. What is the units digit of r?
6
Let s = -2 - -3. Let y(v) = 8*v - 1. What is the units digit of y(s)?
7
Let t = 2 - 0. What is the units digit of t*15/2 - 2?
3
Let z = 13 + -9. Suppose 5*w - z*w = 8. What is the units digit of w?
8
Let c(i) = i**2 - 6*i + 10. What is the units digit of c(8)?
6
Let w(f) = f**2 + 9*f + 7. Let z(i) = i - 13. Let v be z(6). Let l be w(v). Let k(x) = x**2 + 7*x + 5. What is the units digit of k(l)?
5
Let d(c) = -c**2 - 10*c - 10. Let l be d(-9). Let m be l*((-1)/(-1) + -4). Suppose 0*w - 21 = -5*p - 2*w, 15 = 2*p + m*w. What is the units digit of p?
3
Suppose -2*r + 17 + 185 = 0. What is the tens digit of r?
0
Let x = 20 - 11. What is the tens digit of 74/6 + (-3)/x?
1
Let p(d) = -d**3 + d**2 - d + 1. Let o be p(0). Let z be o - (1 + (-4)/2). Suppose 16 = -4*b, 4*b - z = -3*l - 9. What is the units digit of l?
3
Suppose -2*u = 2*g + 8, 4*g + 0*u + u + 13 = 0. Suppose 0 = 7*z - 4*z + 54. What is the units digit of (g/(-2))/((-3)/z)?
9
Let p(h) = -h**3 + 7*h**2 + h - 3. Let w be p(7). Suppose 2*j + w*i - 28 = 0, j - 2*j - 5*i + 17 = 0. What is the units digit of j?
2
Let z be ((-4)/6*3)/(-2). Let v be (-2 + -2 - 1) + z. Let w = 2 - v. What is the units digit of w?
6
Suppose 5*c + 35 + 20 = 5*d, -2*c = 4*d - 14. Suppose k + 2*k = d. Let o = k - -1. What is the units digit of o?
3
Suppose 2897 = 22*j - 931. What is the tens digit of j?
7
Suppose -s + 2*u + 16 = 2*s, -4*u = -5*s + 28. Suppose -2*g = -s - 2. What is the units digit of g*(-5)/(10/(-6))?
9
Let z be (-10)/15 - 8/6. What is the units digit of ((-3)/(-5))/(z/(-10))?
3
Suppose -o + 0*o + 81 = 3*f, -5*o = -4*f + 127. Suppose 5*a + l = f, a = -5*l - 4 - 0. What is the units digit of a?
6
Suppose -w + 3 = -0*w. Suppose 2*a + w*n - 13 = 2*n, 5*a - 2*n - 19 = 0. What is the units digit of a?
5
Let p(n) be the second derivative of n**3/6 - 2*n**2 - 3*n. What is the units digit of p(10)?
6
Let j(h) = -81*h + 3. What is the hundreds digit of j(-3)?
2
Let b = -152 + 249. What is the tens digit of b?
9
Let p(f) = f**3 + 3*f**2 + 3*f + 7. What is the tens digit of p(4)?
3
Suppose 20 = 5*s + 5*r, r - 4 = 6*s - 3*s. Suppose -3*b - 6 = s, 3*o - 15 = 5*b + 31. Suppose o = -0*n + 2*n. What is the units digit of n?
6
Let i = -25 - -60. Suppose 45 = 4*y - i. What is the units digit of 68/y - 2/5?
3
Suppose -q = -32 + 30. Let o be -2*(-1 + 0) + 2. Suppose a + 9 = o*v, 6 - 15 = -q*v - a. What is the units digit of v?
3
Let j(a) = -7*a - 14. What is the tens digit of j(-6)?
2
Let s = -59 + 180. What is the units digit of s?
1
Let c(q) = q**3 - 13*q**2 + 14. What is the tens digit of c(13)?
1
Let z(n) = 8 - n - 3*n - n + 4*n. What is the tens digit of z(-6)?
1
Let m be (-2)/(-8) - 121/4. Let v = m + 44. What is the units digit of v?
4
Let b(v) = v**2 + 6*v - 3. Let r(d) = 7 - 3*d**2 + 0 - 1 - 13*d. Let j(t) = -7*b(t) - 3*r(t). What is the units digit of j(3)?
2
Let b be (-112)/(-20) - (-2)/5. What is the units digit of 12*8/b + 3?
9
Let p = -1 + 1. Let k be 0/(0 + 1 + p). Let h(b) = b**3 + b**2 + 5. What is the units digit of h(k)?
5
Let h = 4 + 0. Let r be (h/6)/((-2)/(-9)). Suppose -3*z + 2*z - 11 = -2*s, 17 = r*s - 2*z. What is the units digit of s?
5
Suppose 4*x - 9 = 23. Suppose 5*z + x = -p, 0 = -4*p - 0*p - 4*z. Let n = 2 + p. What is the units digit of n?
4
Let j(z) = -z**3 + 5*z**2 + z + 5. Let t(o) = -3*o**3 + o**2. Let h be t(-1). What is the tens digit of j(h)?
2
Suppose -4*p - 11 = -3. Let t = 5 + -11. What is the units digit of (-3)/t*-5*p?
5
Let j = 2 - 1. Let h(n) = n - 16. Let l be h(15). What is the units digit of 2 + l - j - -2?
2
Suppose -j + 3*j = 4. Suppose -y + j*r - 7 = -r, 0 = 3*y + 3*r + 9. Let d = 8 - y. What is the tens digit of d?
1
Let q = 63 + -19. What is the tens digit of q?
4
Let j be 222/8 - (-6)/24. Suppose i = -3*i + j. What is the units digit of i?
7
Let s = 4 - 